highest common factor of 164 and 31570?
82
What is the greatest common divisor of 2145 and 131430?
195
What is the greatest common factor of 7147 and 7?
7
Calculate the highest common divisor of 201140 and 120.
20
Calculate the highest common divisor of 2638592 and 384.
128
What is the greatest common factor of 107223 and 11433?
309
Calculate the greatest common factor of 1311 and 73853.
437
Calculate the highest common factor of 96154 and 262.
262
Calculate the highest common factor of 66834 and 2.
2
Calculate the greatest common factor of 39817 and 319.
29
What is the greatest common factor of 103 and 761?
1
Calculate the highest common divisor of 3780330 and 30.
30
What is the greatest common factor of 2767615 and 145?
145
Calculate the highest common divisor of 28752 and 144.
48
What is the greatest common divisor of 143 and 9659?
13
Calculate the greatest common factor of 33 and 17413.
11
Calculate the highest common divisor of 50 and 545.
5
What is the greatest common divisor of 39552 and 384?
384
Calculate the highest common factor of 16 and 1178740.
4
Calculate the highest common divisor of 570207 and 1221.
1221
Calculate the greatest common divisor of 38500 and 2996.
28
What is the highest common factor of 7050 and 48?
6
What is the greatest common divisor of 111254 and 682?
22
Calculate the greatest common factor of 928156 and 188.
188
Calculate the greatest common divisor of 64 and 2624.
64
What is the highest common factor of 6511 and 30257?
383
Calculate the highest common divisor of 17424 and 68607.
1089
What is the highest common factor of 260820 and 910?
70
Calculate the highest common factor of 560 and 1535520.
560
Calculate the highest common divisor of 7389 and 449087.
821
Calculate the greatest common divisor of 30 and 2981130.
30
Calculate the greatest common divisor of 1152 and 59712.
192
Calculate the highest common divisor of 6417 and 437.
23
What is the greatest common divisor of 165900 and 711?
237
What is the highest common divisor of 406305 and 585?
45
Calculate the highest common divisor of 789590 and 460.
230
What is the highest common divisor of 64 and 4314304?
64
What is the greatest common divisor of 2 and 137336?
2
Calculate the highest common factor of 202 and 4347545.
101
What is the greatest common divisor of 22968 and 32516?
44
Calculate the greatest common divisor of 3084906 and 86.
86
Calculate the highest common divisor of 148 and 18278.
74
Calculate the greatest common factor of 2480 and 12560.
80
Calculate the greatest common divisor of 166477 and 277.
277
Calculate the highest common divisor of 78865 and 25.
5
What is the highest common divisor of 147 and 8004003?
147
What is the greatest common divisor of 17214 and 26878?
302
Calculate the greatest common factor of 3465 and 36015.
105
What is the highest common factor of 98 and 39186?
14
What is the greatest common factor of 62 and 47678?
62
What is the greatest common factor of 548948 and 7456?
932
What is the highest common factor of 92774 and 22?
22
What is the greatest common factor of 186 and 14694?
186
What is the highest common divisor of 1330 and 41382?
38
What is the highest common divisor of 1407660 and 1160?
580
What is the highest common factor of 152 and 896?
8
Calculate the highest common factor of 1260 and 39228.
84
Calculate the highest common divisor of 3370 and 27971.
337
What is the greatest common factor of 9 and 5046516?
9
Calculate the greatest common divisor of 153 and 41841.
9
Calculate the greatest common factor of 12286 and 290.
2
Calculate the greatest common divisor of 21476 and 25753.
91
Calculate the highest common divisor of 134406 and 31440.
786
What is the greatest common factor of 64 and 457276?
4
What is the greatest common divisor of 677465 and 43?
43
What is the highest common divisor of 6 and 6609?
3
Calculate the highest common factor of 647942 and 452.
226
Calculate the highest common factor of 936 and 4329.
117
Calculate the highest common factor of 21855 and 17205.
465
Calculate the highest common divisor of 80171 and 14.
7
Calculate the greatest common divisor of 439054 and 231.
77
Calculate the greatest common divisor of 373762 and 136.
34
Calculate the greatest common divisor of 650719 and 925.
37
What is the highest common divisor of 1241 and 34765?
17
Calculate the greatest common factor of 74108 and 18336.
764
What is the highest common factor of 1170 and 519714?
234
Calculate the highest common factor of 3487 and 187.
11
What is the greatest common factor of 8404 and 26114?
22
Calculate the highest common divisor of 460 and 58.
2
What is the greatest common divisor of 1044 and 513242?
58
What is the greatest common divisor of 6530 and 332377?
653
Calculate the greatest common divisor of 76 and 14493770.
38
Calculate the highest common factor of 3320 and 5395.
415
What is the greatest common factor of 39081 and 1008?
21
Calculate the greatest common divisor of 10905 and 305.
5
What is the greatest common factor of 4708 and 5775?
11
Calculate the greatest common factor of 73787 and 1743.
581
Calculate the highest common factor of 51 and 85391.
17
What is the highest common divisor of 371 and 1325?
53
Calculate the greatest common divisor of 9246 and 1794.
138
What is the highest common divisor of 60 and 287808?
12
What is the greatest common factor of 1360 and 119?
17
What is the greatest common divisor of 452130 and 140?
70
What is the greatest common factor of 27641 and 262?
131
What is the greatest common divisor of 4032 and 126?
126
What is the greatest common divisor of 133353 and 22?
11
Calculate the greatest common factor of 7 and 684579.
7
What is the highest common divisor of 40 and 2907910?
10
Calculate the highest common divisor of 2118 and 384.
6
What is the greatest common divisor of 11 and 138809?
11
Calculate the greatest common divisor of 1158 and 7974.
6
What is the highest common divisor of 27 and 58320?
27
What is the highest common factor of 1106 and 28677?
79
What is the highest common factor of 25 and 346725?
25
What is the highest common factor of 476 and 42224?
28
Calculate the highest common divisor of 630 and 30555.
315
Calculate the greatest common divisor of 92094 and 246.
6
What is the greatest common factor of 525 and 126975?
75
Calculate the greatest common factor of 1305878 and 518.
518
What is the highest common factor of 69671 and 777?
259
Calculate the highest common factor of 80 and 6856.
8
Calculate the greatest common divisor of 50 and 680.
10
What is the highest common divisor of 54 and 217260?
18
Calculate the greatest common factor of 1035 and 4068585.
1035
Calculate the greatest common divisor of 88322 and 172.
86
What is the greatest common divisor of 75755 and 96605?
695
Calculate the greatest common factor of 9055210 and 380.
190
Calculate the highest common factor of 10 and 2969.
1
What is the highest common factor of 5637 and 2?
1
What is the highest common divisor of 352 and 11506?
22
Calculate the greatest common factor of 63230 and 80.
10
Calculate the highest common factor of 26 and 179114.
26
What is the greatest common factor of 272 and 147648?
16
Calculate the highest common divisor of 134832 and 192.
48
What is the greatest common divisor of 3186304 and 8448?
1408
What is the highest common divisor of 36 and 9597564?
36
Calculate the greatest common divisor of 15696 and 252.
36
What is the highest common divisor of 14483722 and 22?
22
What is the greatest common divisor of 540232 and 88?
88
Calculate the highest common divisor of 2231460 and 330.
330
What is the greatest common divisor of 60 and 23910?
30
What is the greatest common factor of 350 and 505700?
50
What is the highest common factor of 1081155 and 60?
15
Calculate the greatest common factor of 189 and 18921.
21
What is the highest common divisor of 896 and 7840?
224
What is the highest common factor of 17347 and 1243?
11
Calculate the highest common divisor of 3816 and 52.
4
What is the highest common divisor of 592 and 142857?
37
What is the greatest common factor of 165075 and 150?
75
Calculate the highest common factor of 2962854 and 36.
18
What is the highest common divisor of 10925 and 86825?
575
Calculate the greatest common divisor of 5991 and 6.
3
What is the greatest common